, 151
List the prime factors of 1902.
2, 3, 317
What are the prime factors of 298?
2, 149
What are the prime factors of 10963?
19, 577
List the prime factors of 2535.
3, 5, 13
List the prime factors of 29593.
101, 293
List the prime factors of 374.
2, 11, 17
List the prime factors of 33283.
83, 401
What are the prime factors of 75622?
2, 37811
List the prime factors of 16478.
2, 7, 11, 107
List the prime factors of 122663.
122663
What are the prime factors of 339?
3, 113
List the prime factors of 14323.
14323
List the prime factors of 855.
3, 5, 19
What are the prime factors of 85174?
2, 37, 1151
List the prime factors of 383.
383
List the prime factors of 2430.
2, 3, 5
List the prime factors of 387.
3, 43
What are the prime factors of 4431?
3, 7, 211
List the prime factors of 815.
5, 163
What are the prime factors of 41722?
2, 23, 907
What are the prime factors of 29?
29
What are the prime factors of 1351?
7, 193
List the prime factors of 952.
2, 7, 17
List the prime factors of 84951.
3, 9439
List the prime factors of 13259.
13259
What are the prime factors of 3414?
2, 3, 569
List the prime factors of 45970.
2, 5, 4597
What are the prime factors of 58036?
2, 11, 1319
What are the prime factors of 612?
2, 3, 17
What are the prime factors of 2574?
2, 3, 11, 13
List the prime factors of 5025.
3, 5, 67
List the prime factors of 412.
2, 103
What are the prime factors of 1636?
2, 409
What are the prime factors of 4252?
2, 1063
What are the prime factors of 18290?
2, 5, 31, 59
What are the prime factors of 1496?
2, 11, 17
What are the prime factors of 26262?
2, 3, 1459
List the prime factors of 18021.
3, 6007
What are the prime factors of 7363?
37, 199
List the prime factors of 1926.
2, 3, 107
What are the prime factors of 1872?
2, 3, 13
List the prime factors of 996.
2, 3, 83
What are the prime factors of 3234?
2, 3, 7, 11
What are the prime factors of 7260?
2, 3, 5, 11
List the prime factors of 10721.
71, 151
List the prime factors of 1435.
5, 7, 41
List the prime factors of 6297.
3, 2099
What are the prime factors of 3237?
3, 13, 83
List the prime factors of 4170.
2, 3, 5, 139
What are the prime factors of 664?
2, 83
What are the prime factors of 543?
3, 181
What are the prime factors of 45326?
2, 131, 173
List the prime factors of 32876.
2, 8219
What are the prime factors of 27526?
2, 13763
What are the prime factors of 98202?
2, 3, 13, 1259
List the prime factors of 68328.
2, 3, 13, 73
What are the prime factors of 1170?
2, 3, 5, 13
List the prime factors of 1264.
2, 79
List the prime factors of 17534.
2, 11, 797
List the prime factors of 11916.
2, 3, 331
What are the prime factors of 2308?
2, 577
List the prime factors of 47980.
2, 5, 2399
What are the prime factors of 5759?
13, 443
List the prime factors of 3121.
3121
What are the prime factors of 6993?
3, 7, 37
List the prime factors of 3346.
2, 7, 239
List the prime factors of 102932.
2, 25733
List the prime factors of 6906.
2, 3, 1151
List the prime factors of 24701.
17, 1453
List the prime factors of 5666.
2, 2833
List the prime factors of 11446.
2, 59, 97
List the prime factors of 280.
2, 5, 7
What are the prime factors of 20363?
7, 2909
List the prime factors of 37835.
5, 7, 23, 47
List the prime factors of 1808.
2, 113
What are the prime factors of 601?
601
What are the prime factors of 6976?
2, 109
List the prime factors of 860.
2, 5, 43
List the prime factors of 1433.
1433
What are the prime factors of 35697?
3, 73, 163
List the prime factors of 2058.
2, 3, 7
List the prime factors of 63610.
2, 5, 6361
What are the prime factors of 5720?
2, 5, 11, 13
List the prime factors of 15410.
2, 5, 23, 67
List the prime factors of 1026.
2, 3, 19
List the prime factors of 871.
13, 67
List the prime factors of 3552.
2, 3, 37
List the prime factors of 38264.
2, 4783
What are the prime factors of 2116?
2, 23
What are the prime factors of 6259?
11, 569
List the prime factors of 5827.
5827
List the prime factors of 4633.
41, 113
What are the prime factors of 9408?
2, 3, 7
What are the prime factors of 1815?
3, 5, 11
What are the prime factors of 9584?
2, 599
List the prime factors of 229.
229
List the prime factors of 803.
11, 73
What are the prime factors of 1971?
3, 73
What are the prime factors of 2800?
2, 5, 7
List the prime factors of 1340.
2, 5, 67
List the prime factors of 569.
569
What are the prime factors of 47854?
2, 71, 337
What are the prime factors of 20982?
2, 3, 13, 269
What are the prime factors of 162979?
17, 9587
What are the prime factors of 8417?
19, 443
List the prime factors of 519.
3, 173
List the prime factors of 75129.
3, 79, 317
List the prime factors of 117.
3, 13
What are the prime factors of 42775?
5, 29, 59
What are the prime factors of 25491?
3, 29, 293
What are the prime factors of 1910?
2, 5, 191
List the prime factors of 82.
2, 41
What are the prime factors of 5493?
3, 1831
What are the prime factors of 158?
2, 79
List the prime factors of 61673.
61673
What are the prime factors of 13972?
2, 7, 499
What are the prime factors of 23228?
2, 5807
What are the prime factors of 12117?
3, 7, 577
List the prime factors of 47160.
2, 3, 5, 131
What are the prime factors of 3797?
3797
List the prime factors of 7278.
2, 3, 1213
List the prime factors of 2314.
2, 13, 89
List the prime factors of 23369.
23369
What are the prime factors of 5856?
2, 3, 61
What are the prime factors of 1504?
2, 47
List the prime factors of 7610.
2, 5, 761
List the prime factors of 493.
17, 29
What are the prime factors of 11124?
2, 3, 103
What are the prime factors of 15103?
11, 1373
List the prime factors of 711.
3, 79
List the prime factors of 549.
3, 61
What are the prime factors of 882?
2, 3, 7
What are the prime factors of 1521?
3, 13
List the prime factors of 520.
2, 5, 13
What are the prime factors of 7190?
2, 5, 719
What are the prime factors of 15356?
2, 11, 349
What are the prime factors of 14472?
2, 3, 67
What are the prime factors of 150193?
150193
List the prime factors of 1598.
2, 17, 47
List the prime factors of 1779.
3, 593
What are the prime factors of 161247?
3, 59, 911
List the prime factors of 1376.
2, 43
What are the prime factors of 20606?
2, 10303
List the prime factors of 8161.
8161
What are the prime factors of 77265?
3, 5, 17, 101
What are the prime factors of 33534?
2, 3, 23
List the prime factors of 2520.
2, 3, 5, 7
List the prime factors of 1138.
2, 569
List the prime factors of 6610.
2, 5, 661
List the prime factors of 1232.
2, 7, 11
What are the prime factors of 1569?
3, 523
List the prime factors of 3635.
5, 727
List the prime factors of 1244.
2, 311
List the prime factors of 3735.
3, 5, 83
What are the prime factors of 20308?
2, 5077
List the prime factors of 2140.
2, 5, 107
What are the prime factors of 60556?
2, 15139
What are the prime factors of 2302?
2, 1151
What are the prime factors of 675?
3, 5
List the prime factors of 2254.
2, 7, 23
What are the prime factors of 199443?
3, 19, 3499
What are the prime factors of 9698?
2, 13, 373
What are the prime factors of 291?
3, 97
What are the prime factors of 5689?
5689
What are the prime factors of 1630?
2, 5, 163
What are the prime factors of 24820?
2, 5, 17, 73
List the prime factors of 690.
2, 3, 5, 23
List the prime factors of 24612.
2, 3, 7, 293
List the prime factors of 7014.
2, 3, 7, 167
What are the prime factors of 23834?
2, 17, 701
What are the prime factors of 229?
229
List the prime factors of 5916.
2, 3, 17, 29
List the prime factors of 1468.
2, 367
What are the prime factors of 701?
701
List the prime factors of 394.
2, 197
What are the prime factors of 975?
3, 5, 13
What are the prime factors of 59?
59
What are the prime factors of 3044?
2, 761
What are the prime factors of 80584?
2, 7, 1439
What are the prime factors of 1960?
2, 5, 7
What are the prime factors of 1458?
2, 3
What are the prime factors of 939?
3, 313
What are the prime factors of 22901?
22901
List the prime factors of 14860.
2, 5, 743
What are the prime factors of 6237?
3, 7, 11
What are the prime factors of 33?
3, 11
What are the prime factors of 897?
3, 13, 23
What are the prime factors of 1021?
1021
What are the prime factors of 41090?
2, 5, 7, 587
List the prime factors of 1107.
3, 41
List the prime factors of 37129.
107, 347
L